{"id":1155,"date":"2025-12-04T14:40:18","date_gmt":"2025-12-04T14:40:18","guid":{"rendered":"https:\/\/www.holikos.com\/?page_id=1155"},"modified":"2026-03-09T11:48:48","modified_gmt":"2026-03-09T11:48:48","slug":"1155-2","status":"publish","type":"page","link":"https:\/\/www.holikos.com\/index.php\/1155-2\/","title":{"rendered":"Mentions l\u00e9gales"},"content":{"rendered":"\n<div class=\"wp-block-columns is-layout-flex wp-container-core-columns-is-layout-28f84493 wp-block-columns-is-layout-flex\">\n<div class=\"wp-block-column is-layout-flow wp-block-column-is-layout-flow\" style=\"flex-basis:33.33%\"><div class=\"wp-block-site-logo\"><a href=\"https:\/\/www.holikos.com\/\" class=\"custom-logo-link\" rel=\"home\"><img loading=\"lazy\" decoding=\"async\" width=\"319\" height=\"130\" src=\"https:\/\/www.holikos.com\/wp-content\/uploads\/2025\/12\/Logp-HC-2026-bandeau-scaled-313x128.jpg\" class=\"custom-logo\" alt=\"Holikos Communication\" srcset=\"https:\/\/www.holikos.com\/wp-content\/uploads\/2025\/12\/Logp-HC-2026-bandeau-scaled.jpg 2560w, https:\/\/www.holikos.com\/wp-content\/uploads\/2025\/12\/Logp-HC-2026-bandeau-scaled-300x122.jpg 300w, https:\/\/www.holikos.com\/wp-content\/uploads\/2025\/12\/Logp-HC-2026-bandeau-scaled-1024x418.jpg 1024w, https:\/\/www.holikos.com\/wp-content\/uploads\/2025\/12\/Logp-HC-2026-bandeau-scaled-768x313.jpg 768w, https:\/\/www.holikos.com\/wp-content\/uploads\/2025\/12\/Logp-HC-2026-bandeau-scaled-1536x626.jpg 1536w, https:\/\/www.holikos.com\/wp-content\/uploads\/2025\/12\/Logp-HC-2026-bandeau-scaled-2048x835.jpg 2048w, https:\/\/www.holikos.com\/wp-content\/uploads\/2025\/12\/Logp-HC-2026-bandeau-scaled-313x128.jpg 313w\" sizes=\"auto, (max-width: 319px) 100vw, 319px\" \/><\/a><\/div><\/div>\n\n\n\n<div class=\"wp-block-column is-layout-flow wp-block-column-is-layout-flow\" style=\"flex-basis:66.66%\">\n<div class=\"wp-block-group is-layout-constrained wp-block-group-is-layout-constrained\"><\/div>\n\n\n\n<div class=\"wp-block-columns is-layout-flex wp-container-core-columns-is-layout-28f84493 wp-block-columns-is-layout-flex\">\n<div class=\"wp-block-column is-layout-flow wp-block-column-is-layout-flow\" style=\"flex-basis:100%\"><nav class=\"is-responsive items-justified-right wp-block-navigation is-content-justification-right is-layout-flex wp-container-core-navigation-is-layout-d445cf74 wp-block-navigation-is-layout-flex\" aria-label=\"Navigation\" \n\t\t data-wp-interactive=\"core\/navigation\" data-wp-context='{\"overlayOpenedBy\":{\"click\":false,\"hover\":false,\"focus\":false},\"type\":\"overlay\",\"roleAttribute\":\"\",\"ariaLabel\":\"Menu\"}'><button aria-haspopup=\"dialog\" aria-label=\"Ouvrir le menu\" class=\"wp-block-navigation__responsive-container-open\" \n\t\t\t\tdata-wp-on--click=\"actions.openMenuOnClick\"\n\t\t\t\tdata-wp-on--keydown=\"actions.handleMenuKeydown\"\n\t\t\t><svg width=\"24\" height=\"24\" xmlns=\"http:\/\/www.w3.org\/2000\/svg\" viewBox=\"0 0 24 24\" aria-hidden=\"true\" focusable=\"false\"><path d=\"M4 7.5h16v1.5H4z\"><\/path><path d=\"M4 15h16v1.5H4z\"><\/path><\/svg><\/button>\n\t\t\t\t<div class=\"wp-block-navigation__responsive-container\"  id=\"modal-1\" \n\t\t\t\tdata-wp-class--has-modal-open=\"state.isMenuOpen\"\n\t\t\t\tdata-wp-class--is-menu-open=\"state.isMenuOpen\"\n\t\t\t\tdata-wp-watch=\"callbacks.initMenu\"\n\t\t\t\tdata-wp-on--keydown=\"actions.handleMenuKeydown\"\n\t\t\t\tdata-wp-on--focusout=\"actions.handleMenuFocusout\"\n\t\t\t\ttabindex=\"-1\"\n\t\t\t>\n\t\t\t\t\t<div class=\"wp-block-navigation__responsive-close\" tabindex=\"-1\">\n\t\t\t\t\t\t<div class=\"wp-block-navigation__responsive-dialog\" \n\t\t\t\tdata-wp-bind--aria-modal=\"state.ariaModal\"\n\t\t\t\tdata-wp-bind--aria-label=\"state.ariaLabel\"\n\t\t\t\tdata-wp-bind--role=\"state.roleAttribute\"\n\t\t\t>\n\t\t\t\t\t\t\t<button aria-label=\"Fermer le menu\" class=\"wp-block-navigation__responsive-container-close\" \n\t\t\t\tdata-wp-on--click=\"actions.closeMenuOnClick\"\n\t\t\t><svg xmlns=\"http:\/\/www.w3.org\/2000\/svg\" viewBox=\"0 0 24 24\" width=\"24\" height=\"24\" aria-hidden=\"true\" focusable=\"false\"><path d=\"m13.06 12 6.47-6.47-1.06-1.06L12 10.94 5.53 4.47 4.47 5.53 10.94 12l-6.47 6.47 1.06 1.06L12 13.06l6.47 6.47 1.06-1.06L13.06 12Z\"><\/path><\/svg><\/button>\n\t\t\t\t\t\t\t<div class=\"wp-block-navigation__responsive-container-content\" \n\t\t\t\tdata-wp-watch=\"callbacks.focusFirstElement\"\n\t\t\t id=\"modal-1-content\">\n\t\t\t\t\t\t\t\t<ul class=\"wp-block-navigation__container is-responsive items-justified-right wp-block-navigation\"><li data-wp-context=\"{ &quot;submenuOpenedBy&quot;: { &quot;click&quot;: false, &quot;hover&quot;: false, &quot;focus&quot;: false }, &quot;type&quot;: &quot;submenu&quot;, &quot;modal&quot;: null, &quot;previousFocus&quot;: null }\" data-wp-interactive=\"core\/navigation\" data-wp-on--focusout=\"actions.handleMenuFocusout\" data-wp-on--keydown=\"actions.handleMenuKeydown\" data-wp-on--mouseenter=\"actions.openMenuOnHover\" data-wp-on--mouseleave=\"actions.closeMenuOnHover\" data-wp-watch=\"callbacks.initMenu\" tabindex=\"-1\" class=\"wp-block-navigation-item has-child open-on-hover-click wp-block-navigation-submenu\"><a class=\"wp-block-navigation-item__content\" href=\"http:\/\/www.holikos.com\/index.php\/prestations\/\"><span class=\"wp-block-navigation-item__label\">Prestations<\/span><\/a><button data-wp-bind--aria-expanded=\"state.isMenuOpen\" data-wp-on--click=\"actions.toggleMenuOnClick\" aria-label=\"Sous-menu Prestations\" class=\"wp-block-navigation__submenu-icon wp-block-navigation-submenu__toggle\" ><svg xmlns=\"http:\/\/www.w3.org\/2000\/svg\" width=\"12\" height=\"12\" viewBox=\"0 0 12 12\" fill=\"none\" aria-hidden=\"true\" focusable=\"false\"><path d=\"M1.50002 4L6.00002 8L10.5 4\" stroke-width=\"1.5\"><\/path><\/svg><\/button><ul data-wp-on--focus=\"actions.openMenuOnFocus\" class=\"wp-block-navigation__submenu-container wp-block-navigation-submenu\"><li class=\" wp-block-navigation-item wp-block-navigation-link\"><a class=\"wp-block-navigation-item__content\"  href=\"https:\/\/www.holikos.com\/index.php\/prestations\/communication-accessible\/\"><span class=\"wp-block-navigation-item__label\">La communication accessible<\/span><\/a><\/li><li class=\" wp-block-navigation-item wp-block-navigation-link\"><a class=\"wp-block-navigation-item__content\"  href=\"https:\/\/www.holikos.com\/index.php\/prestations\/la-conception-universelle\/\"><span class=\"wp-block-navigation-item__label\">La conception universelle<\/span><\/a><\/li><li class=\" wp-block-navigation-item wp-block-navigation-link\"><a class=\"wp-block-navigation-item__content\"  href=\"https:\/\/www.holikos.com\/index.php\/prestations\/rgaa-accessibilite-numerique\/\"><span class=\"wp-block-navigation-item__label\">Le RGAA et l\u2019accessibilit\u00e9 num\u00e9rique<\/span><\/a><\/li><\/ul><\/li><li class=\" wp-block-navigation-item wp-block-navigation-link\"><a class=\"wp-block-navigation-item__content\"  href=\"http:\/\/www.holikos.com\/index.php\/realisations\/\"><span class=\"wp-block-navigation-item__label\">R\u00e9alisations<\/span><\/a><\/li><li class=\" wp-block-navigation-item wp-block-navigation-link\"><a class=\"wp-block-navigation-item__content\"  href=\"http:\/\/www.holikos.com\/index.php\/contact\/\"><span class=\"wp-block-navigation-item__label\">Contact<\/span><\/a><\/li><\/ul>\n\t\t\t\t\t\t\t<\/div>\n\t\t\t\t\t\t<\/div>\n\t\t\t\t\t<\/div>\n\t\t\t\t<\/div><\/nav><\/div>\n<\/div>\n<\/div>\n<\/div>\n\n\n\n<div class=\"wp-block-group alignfull has-global-color-7-background-color has-background is-layout-constrained wp-container-core-group-is-layout-e8046333 wp-block-group-is-layout-constrained\" style=\"margin-top:0;margin-bottom:0;padding-top:9vh;padding-right:var(--wp--preset--spacing--30);padding-bottom:var(--wp--preset--spacing--20);padding-left:var(--wp--preset--spacing--30)\">\n<h1 class=\"wp-block-heading\">Mentions l\u00e9gales<\/h1>\n\n\n\n<p><strong>Propri\u00e9taire <\/strong>\/ <strong>R\u00e9alisation du site<\/strong>&nbsp;:<br><strong>HOLIKOS COMMUNICATION<\/strong><br>5, Beg Ch\u00e2tel <br>29340 Riec-sur-B\u00e9lon<br>T\u00e9l. : 06 77 59 47 91<br>SIRET : 99955302700015<\/p>\n\n\n\n<p><strong>Responsable de publication : <\/strong>Matthieu Papin<br><br><strong>H\u00e9bergement<\/strong>&nbsp;:<br>OVH<br>22 rue de l\u2019Erboni\u00e8re<br>35510 CESSON SEVIGNE<br>Tel. 02 30 96 40 59<br>SIRET : 43247863400046<br>TVA : FR95432478634<br><strong>Cr\u00e9dits photos<\/strong>&nbsp;\/&nbsp;<strong>illustrations&nbsp;<\/strong>: &nbsp; iStock \u2013 Unsplash \u2013 freepik.com \u2013 DR (pour les repr\u00e9sentations des r\u00e9alisations de nos diff\u00e9rents clients)<\/p>\n\n\n\n<h3 class=\"wp-block-heading\" id=\"contenu-du-site\">CONTENU DU SITE<\/h3>\n\n\n\n<p>Les informations disponibles dans ce site sont purement informatives. Le site est r\u00e9guli\u00e8rement mis \u00e0 jour. Cependant, aucune garantie n\u2019est apport\u00e9e concernant l\u2019exactitude, la pr\u00e9cision, la fr\u00e9quence de mise \u00e0 jour des informations publi\u00e9es sur ce site. <strong>HOLIKOS COMMUNICATION <\/strong>d\u00e9cline toute responsabilit\u00e9 pour d\u2019\u00e9ventuels dommages r\u00e9sultant notamment d\u2019une impr\u00e9cision ou inexactitude des informations disponibles sur son site.<\/p>\n\n\n\n<h3 class=\"wp-block-heading\" id=\"droits-d-auteur\">DROITS D\u2019AUTEUR<\/h3>\n\n\n\n<p>Tous droits r\u00e9serv\u00e9s. Les textes, images, illustrations, animations, plans, et autres m\u00e9dias du pr\u00e9sent site internet&nbsp;sont soumis \u00e0 la protection du droit d\u2019auteur. Toute reproduction, modification, transmission du contenu de ce site pour une publication \u00e9crite ou \u00e9lectronique est strictement interdite sauf autorisation pr\u00e9alable du responsable de publication.<\/p>\n\n\n\n<h3 class=\"wp-block-heading\" id=\"donnees-collectees\">DONNEES COLLECTEES<\/h3>\n\n\n\n<p>Lors de vos envois de formulaires, les donn\u00e9es sont collect\u00e9es par <strong><strong>HOLIKOS COMMUNICATION <\/strong><\/strong>pendant une dur\u00e9e limit\u00e9e. Ces informations resteront strictement confidentielles et ne seront pas communiqu\u00e9es \u00e0 des tiers. La loi \u201cInformatique et Libert\u00e9s\u201d du 6 janvier 1978 modifi\u00e9e par la loi du 6 ao\u00fbt 2004 encadre la mise en \u0153uvre des fichiers ou des traitements de donn\u00e9es \u00e0 caract\u00e8re personnel qu\u2019ils soient automatis\u00e9s ou manuels. Vous disposez d\u2019un droit d\u2019acc\u00e8s, de modification, de rectification et de suppression des donn\u00e9es qui vous concernent (art. 34 de la loi \u201cInformatique et Libert\u00e9s\u201d). Vous pouvez l\u2019exercer par courrier en \u00e9crivant \u00e0 :<\/p>\n\n\n\n<p><strong>HOLIKOS COMMUNICATION <\/strong><br>5, Beg Chatel<br>29340 Riec-sur-B\u00e9lon<\/p>\n\n\n\n<p><\/p>\n\n\n\n<p>Le pr\u00e9sent site web collecte des donn\u00e9es personnelles via des formulaires de saisie uniquement dans une but d\u2019information et de communication. Conform\u00e9ment \u00e0 l\u2019ordonnance n\u00b0 2018-1125 du 12 d\u00e9cembre 2018, publi\u00e9e le 13 d\u00e9cembre 2018, il n\u2019a pas fait l\u2019objet d\u2019une d\u00e9claration sp\u00e9cifique aupr\u00e8s de la CNIL.<\/p>\n\n\n\n<p>Lire notre politique de confidentialit\u00e9<\/p>\n<\/div>\n\n\n\n<div class=\"wp-block-columns is-layout-flex wp-container-core-columns-is-layout-28f84493 wp-block-columns-is-layout-flex\">\n<div class=\"wp-block-column is-layout-flow wp-block-column-is-layout-flow\"><\/div>\n\n\n\n<div class=\"wp-block-column is-layout-flow wp-block-column-is-layout-flow\"><\/div>\n<\/div>\n\n\n\n<div class=\"wp-block-columns has-ast-global-color-7-background-color has-background is-layout-flex wp-container-core-columns-is-layout-28f84493 wp-block-columns-is-layout-flex\">\n<div class=\"wp-block-column is-layout-flow wp-block-column-is-layout-flow\">\n<figure class=\"wp-block-image size-full is-resized\"><img loading=\"lazy\" decoding=\"async\" width=\"512\" height=\"512\" src=\"https:\/\/www.holikos.com\/wp-content\/uploads\/2025\/12\/cropped-Logp-HC-2026-scaled-1.jpg\" alt=\"\" class=\"wp-image-21\" style=\"width:169px;height:auto\" srcset=\"https:\/\/www.holikos.com\/wp-content\/uploads\/2025\/12\/cropped-Logp-HC-2026-scaled-1.jpg 512w, https:\/\/www.holikos.com\/wp-content\/uploads\/2025\/12\/cropped-Logp-HC-2026-scaled-1-300x300.jpg 300w, https:\/\/www.holikos.com\/wp-content\/uploads\/2025\/12\/cropped-Logp-HC-2026-scaled-1-150x150.jpg 150w, https:\/\/www.holikos.com\/wp-content\/uploads\/2025\/12\/cropped-Logp-HC-2026-scaled-1-230x230.jpg 230w, https:\/\/www.holikos.com\/wp-content\/uploads\/2025\/12\/cropped-Logp-HC-2026-scaled-1-350x350.jpg 350w, https:\/\/www.holikos.com\/wp-content\/uploads\/2025\/12\/cropped-Logp-HC-2026-scaled-1-480x480.jpg 480w, https:\/\/www.holikos.com\/wp-content\/uploads\/2025\/12\/cropped-Logp-HC-2026-scaled-1-216x216.jpg 216w, https:\/\/www.holikos.com\/wp-content\/uploads\/2025\/12\/cropped-Logp-HC-2026-scaled-1-270x270.jpg 270w, https:\/\/www.holikos.com\/wp-content\/uploads\/2025\/12\/cropped-Logp-HC-2026-scaled-1-192x192.jpg 192w, https:\/\/www.holikos.com\/wp-content\/uploads\/2025\/12\/cropped-Logp-HC-2026-scaled-1-180x180.jpg 180w, https:\/\/www.holikos.com\/wp-content\/uploads\/2025\/12\/cropped-Logp-HC-2026-scaled-1-32x32.jpg 32w\" sizes=\"auto, (max-width: 512px) 100vw, 512px\" \/><\/figure>\n<\/div>\n\n\n\n<div class=\"wp-block-column is-layout-flow wp-block-column-is-layout-flow\">\n<p>Holikos Communication<br>5, Beg Ch\u00e2tel<br>29340 Riec-sur-B\u00e9lon<br>T\u00e9l. : 06 77 59 47 91<br><a href=\"mailto:contact@holikos.com\">contact@holikos.<\/a><a href=\"mailto:contact@holikos.com\" target=\"_blank\" rel=\"noreferrer noopener\">com<\/a><br><a href=\"https:\/\/www.linkedin.com\/company\/holikos-communication\" data-type=\"link\" data-id=\"https:\/\/www.linkedin.com\/company\/holikos-communication\" target=\"_blank\" rel=\"noreferrer noopener\"><\/a><a href=\"https:\/\/www.linkedin.com\/company\/holikos-communication\" data-type=\"link\" data-id=\"https:\/\/www.linkedin.com\/company\/holikos-communication\" target=\"_blank\" rel=\"noreferrer noopener\">Linkedin Holikos<\/a><\/p>\n<\/div>\n\n\n\n<div class=\"wp-block-column is-layout-flow wp-block-column-is-layout-flow\">\n<p><a href=\"https:\/\/www.holikos.com\/\" data-type=\"page\" data-id=\"741\">L&#8217;agence Holikos<\/a><br><a href=\"https:\/\/www.holikos.com\/index.php\/prestations\/\" data-type=\"page\" data-id=\"1100\">Nos prestations<\/a><br><a href=\"https:\/\/www.holikos.com\/index.php\/realisations\/\" data-type=\"page\" data-id=\"51\">Nos r\u00e9alisations<\/a><br><a href=\"https:\/\/www.holikos.com\/index.php\/contact\/\" data-type=\"page\" data-id=\"63\">Contactez-nous<\/a><br><a href=\"https:\/\/www.holikos.com\/index.php\/1155-2\/\" data-type=\"page\" data-id=\"1155\">Mentions l\u00e9gales<\/a><br><a href=\"https:\/\/www.holikos.com\/index.php\/1146-2\/\" data-type=\"page\" data-id=\"1146\">Conditions g\u00e9n\u00e9rales de vente<\/a><\/p>\n<\/div>\n<\/div>\n\n\n\n<p>\u00a9 2026 Holikos Communication. Tous droits r\u00e9serv\u00e9s.<\/p>\n","protected":false},"excerpt":{"rendered":"<p>Mentions l\u00e9gales Propri\u00e9taire \/ R\u00e9alisation du site&nbsp;:HOLIKOS COMMUNICATION5, Beg Ch\u00e2tel 29340 Riec-sur-B\u00e9lonT\u00e9l. : 06 77 59 47 91SIRET : 99955302700015 [&hellip;]<\/p>\n","protected":false},"author":1,"featured_media":0,"parent":0,"menu_order":0,"comment_status":"closed","ping_status":"closed","template":"","meta":{"_uag_custom_page_level_css":"","site-sidebar-layout":"default","site-content-layout":"","ast-site-content-layout":"default","site-content-style":"default","site-sidebar-style":"default","ast-global-header-display":"","ast-banner-title-visibility":"","ast-main-header-display":"","ast-hfb-above-header-display":"","ast-hfb-below-header-display":"","ast-hfb-mobile-header-display":"","site-post-title":"","ast-breadcrumbs-content":"","ast-featured-img":"","footer-sml-layout":"","ast-disable-related-posts":"","theme-transparent-header-meta":"","adv-header-id-meta":"","stick-header-meta":"","header-above-stick-meta":"","header-main-stick-meta":"","header-below-stick-meta":"","astra-migrate-meta-layouts":"default","ast-page-background-enabled":"default","ast-page-background-meta":{"desktop":{"background-color":"var(--ast-global-color-5)","background-image":"","background-repeat":"repeat","background-position":"center center","background-size":"auto","background-attachment":"scroll","background-type":"","background-media":"","overlay-type":"","overlay-color":"","overlay-opacity":"","overlay-gradient":""},"tablet":{"background-color":"","background-image":"","background-repeat":"repeat","background-position":"center center","background-size":"auto","background-attachment":"scroll","background-type":"","background-media":"","overlay-type":"","overlay-color":"","overlay-opacity":"","overlay-gradient":""},"mobile":{"background-color":"","background-image":"","background-repeat":"repeat","background-position":"center center","background-size":"auto","background-attachment":"scroll","background-type":"","background-media":"","overlay-type":"","overlay-color":"","overlay-opacity":"","overlay-gradient":""}},"ast-content-background-meta":{"desktop":{"background-color":"var(--ast-global-color-4)","background-image":"","background-repeat":"repeat","background-position":"center center","background-size":"auto","background-attachment":"scroll","background-type":"","background-media":"","overlay-type":"","overlay-color":"","overlay-opacity":"","overlay-gradient":""},"tablet":{"background-color":"var(--ast-global-color-4)","background-image":"","background-repeat":"repeat","background-position":"center center","background-size":"auto","background-attachment":"scroll","background-type":"","background-media":"","overlay-type":"","overlay-color":"","overlay-opacity":"","overlay-gradient":""},"mobile":{"background-color":"var(--ast-global-color-4)","background-image":"","background-repeat":"repeat","background-position":"center center","background-size":"auto","background-attachment":"scroll","background-type":"","background-media":"","overlay-type":"","overlay-color":"","overlay-opacity":"","overlay-gradient":""}},"footnotes":""},"class_list":["post-1155","page","type-page","status-publish","hentry"],"uagb_featured_image_src":{"full":false,"thumbnail":false,"medium":false,"medium_large":false,"large":false,"1536x1536":false,"2048x2048":false},"uagb_author_info":{"display_name":"admin3842","author_link":"https:\/\/www.holikos.com\/index.php\/author\/admin3842\/"},"uagb_comment_info":0,"uagb_excerpt":"Mentions l\u00e9gales Propri\u00e9taire \/ R\u00e9alisation du site&nbsp;:HOLIKOS COMMUNICATION5, Beg Ch\u00e2tel 29340 Riec-sur-B\u00e9lonT\u00e9l. : 06 77 59 47 91SIRET : 99955302700015 [&hellip;]","_links":{"self":[{"href":"https:\/\/www.holikos.com\/index.php\/wp-json\/wp\/v2\/pages\/1155","targetHints":{"allow":["GET"]}}],"collection":[{"href":"https:\/\/www.holikos.com\/index.php\/wp-json\/wp\/v2\/pages"}],"about":[{"href":"https:\/\/www.holikos.com\/index.php\/wp-json\/wp\/v2\/types\/page"}],"author":[{"embeddable":true,"href":"https:\/\/www.holikos.com\/index.php\/wp-json\/wp\/v2\/users\/1"}],"replies":[{"embeddable":true,"href":"https:\/\/www.holikos.com\/index.php\/wp-json\/wp\/v2\/comments?post=1155"}],"version-history":[{"count":13,"href":"https:\/\/www.holikos.com\/index.php\/wp-json\/wp\/v2\/pages\/1155\/revisions"}],"predecessor-version":[{"id":1858,"href":"https:\/\/www.holikos.com\/index.php\/wp-json\/wp\/v2\/pages\/1155\/revisions\/1858"}],"wp:attachment":[{"href":"https:\/\/www.holikos.com\/index.php\/wp-json\/wp\/v2\/media?parent=1155"}],"curies":[{"name":"wp","href":"https:\/\/api.w.org\/{rel}","templated":true}]}}