{"id":1627,"date":"2026-02-10T14:37:28","date_gmt":"2026-02-10T14:37:28","guid":{"rendered":"https:\/\/www.holikos.com\/?page_id=1627"},"modified":"2026-03-09T13:41:03","modified_gmt":"2026-03-09T13:41:03","slug":"rgaa-accessibilite-numerique","status":"publish","type":"page","link":"https:\/\/www.holikos.com\/index.php\/prestations\/rgaa-accessibilite-numerique\/","title":{"rendered":"Le RGAA et l&#8217;accessibilit\u00e9 num\u00e9rique"},"content":{"rendered":"\n<div class=\"wp-block-columns is-layout-flex wp-container-core-columns-is-layout-07b7b7eb wp-block-columns-is-layout-flex\" style=\"padding-top:0;padding-right:0;padding-bottom:0;padding-left:0\">\n<div class=\"wp-block-column is-layout-flow wp-block-column-is-layout-flow\" style=\"flex-basis:33.33%\"><\/div>\n\n\n\n<div class=\"wp-block-column is-layout-flow wp-block-column-is-layout-flow\" style=\"flex-basis:100%\">\n<div class=\"wp-block-group alignwide is-content-justification-center is-nowrap is-layout-flex wp-container-core-group-is-layout-4f2aa9c3 wp-block-group-is-layout-flex\" style=\"margin-top:0;margin-bottom:0;padding-top:0;padding-right:0;padding-bottom:0;padding-left:0\"><div class=\"wp-block-site-logo\"><a href=\"https:\/\/www.holikos.com\/\" class=\"custom-logo-link\" rel=\"home\"><img loading=\"lazy\" decoding=\"async\" width=\"219\" height=\"89\" src=\"https:\/\/www.holikos.com\/wp-content\/uploads\/2025\/12\/Logp-HC-2026-bandeau-scaled-313x128.jpg\" class=\"custom-logo\" alt=\"Holikos Communication\" srcset=\"https:\/\/www.holikos.com\/wp-content\/uploads\/2025\/12\/Logp-HC-2026-bandeau-scaled.jpg 2560w, https:\/\/www.holikos.com\/wp-content\/uploads\/2025\/12\/Logp-HC-2026-bandeau-scaled-300x122.jpg 300w, https:\/\/www.holikos.com\/wp-content\/uploads\/2025\/12\/Logp-HC-2026-bandeau-scaled-1024x418.jpg 1024w, https:\/\/www.holikos.com\/wp-content\/uploads\/2025\/12\/Logp-HC-2026-bandeau-scaled-768x313.jpg 768w, https:\/\/www.holikos.com\/wp-content\/uploads\/2025\/12\/Logp-HC-2026-bandeau-scaled-1536x626.jpg 1536w, https:\/\/www.holikos.com\/wp-content\/uploads\/2025\/12\/Logp-HC-2026-bandeau-scaled-2048x835.jpg 2048w, https:\/\/www.holikos.com\/wp-content\/uploads\/2025\/12\/Logp-HC-2026-bandeau-scaled-313x128.jpg 313w\" sizes=\"auto, (max-width: 219px) 100vw, 219px\" \/><\/a><\/div>\n\n\n<div class=\"wp-block-group is-nowrap is-layout-flex wp-container-core-group-is-layout-6c531013 wp-block-group-is-layout-flex\"><\/div>\n\n\n\n<div style=\"height:100px;width:0px\" aria-hidden=\"true\" class=\"wp-block-spacer wp-container-content-6388d5dc\"><\/div>\n<\/div>\n<\/div>\n\n\n\n<div class=\"wp-block-column is-layout-flow wp-container-core-column-is-layout-c603e055 wp-block-column-is-layout-flow\" style=\"padding-top:var(--wp--preset--spacing--60);padding-right:var(--wp--preset--spacing--40);padding-bottom:var(--wp--preset--spacing--60);padding-left:var(--wp--preset--spacing--40);font-size:52px;flex-basis:100%\"><nav style=\"font-size:17px;\" class=\"items-justified-right wp-block-navigation is-content-justification-right is-layout-flex wp-container-core-navigation-is-layout-9efa89a0 wp-block-navigation-is-layout-flex\" aria-label=\"Navigation\"><ul style=\"font-size:17px;\" class=\"wp-block-navigation__container items-justified-right wp-block-navigation\"><li data-wp-context=\"{ &quot;submenuOpenedBy&quot;: { &quot;click&quot;: false, &quot;hover&quot;: false, &quot;focus&quot;: false }, &quot;type&quot;: &quot;submenu&quot;, &quot;modal&quot;: null, &quot;previousFocus&quot;: null }\" data-wp-interactive=\"core\/navigation\" data-wp-on--focusout=\"actions.handleMenuFocusout\" data-wp-on--keydown=\"actions.handleMenuKeydown\" data-wp-on--mouseenter=\"actions.openMenuOnHover\" data-wp-on--mouseleave=\"actions.closeMenuOnHover\" data-wp-watch=\"callbacks.initMenu\" tabindex=\"-1\" style=\"font-size: 17px;\" class=\"wp-block-navigation-item has-child open-on-hover-click wp-block-navigation-submenu\"><a class=\"wp-block-navigation-item__content\" href=\"http:\/\/www.holikos.com\/index.php\/prestations\/\"><span class=\"wp-block-navigation-item__label\">Prestations<\/span><\/a><button data-wp-bind--aria-expanded=\"state.isMenuOpen\" data-wp-on--click=\"actions.toggleMenuOnClick\" aria-label=\"Sous-menu Prestations\" class=\"wp-block-navigation__submenu-icon wp-block-navigation-submenu__toggle\" ><svg xmlns=\"http:\/\/www.w3.org\/2000\/svg\" width=\"12\" height=\"12\" viewBox=\"0 0 12 12\" fill=\"none\" aria-hidden=\"true\" focusable=\"false\"><path d=\"M1.50002 4L6.00002 8L10.5 4\" stroke-width=\"1.5\"><\/path><\/svg><\/button><ul data-wp-on--focus=\"actions.openMenuOnFocus\" class=\"wp-block-navigation__submenu-container wp-block-navigation-submenu\"><li style=\"font-size: 17px;\" class=\" wp-block-navigation-item wp-block-navigation-link\"><a class=\"wp-block-navigation-item__content\"  href=\"https:\/\/www.holikos.com\/index.php\/prestations\/communication-accessible\/\"><span class=\"wp-block-navigation-item__label\">La communication accessible<\/span><\/a><\/li><li style=\"font-size: 17px;\" class=\" wp-block-navigation-item wp-block-navigation-link\"><a class=\"wp-block-navigation-item__content\"  href=\"https:\/\/www.holikos.com\/index.php\/prestations\/la-conception-universelle\/\"><span class=\"wp-block-navigation-item__label\">La conception universelle<\/span><\/a><\/li><li style=\"font-size: 17px;\" class=\" wp-block-navigation-item wp-block-navigation-link\"><a class=\"wp-block-navigation-item__content\"  href=\"https:\/\/www.holikos.com\/index.php\/prestations\/rgaa-accessibilite-numerique\/\"><span class=\"wp-block-navigation-item__label\">Le RGAA et l\u2019accessibilit\u00e9 num\u00e9rique<\/span><\/a><\/li><\/ul><\/li><li style=\"font-size: 17px;\" class=\" wp-block-navigation-item wp-block-navigation-link\"><a class=\"wp-block-navigation-item__content\"  href=\"http:\/\/www.holikos.com\/index.php\/realisations\/\"><span class=\"wp-block-navigation-item__label\">R\u00e9alisations<\/span><\/a><\/li><li style=\"font-size: 17px;\" class=\" wp-block-navigation-item wp-block-navigation-link\"><a class=\"wp-block-navigation-item__content\"  href=\"http:\/\/www.holikos.com\/index.php\/contact\/\"><span class=\"wp-block-navigation-item__label\">Contact<\/span><\/a><\/li><\/ul><\/nav><\/div>\n\n\n\n<div class=\"wp-block-column is-layout-flow wp-block-column-is-layout-flow\" style=\"flex-basis:100%\"><\/div>\n<\/div>\n\n\n\n<hr class=\"wp-block-separator has-alpha-channel-opacity is-style-wide\"\/>\n\n\n\n<div class=\"wp-block-group alignfull has-global-color-7-background-color has-background is-layout-constrained wp-container-core-group-is-layout-5c50b138 wp-block-group-is-layout-constrained\" style=\"margin-top:0;margin-bottom:0;padding-top:0vh;padding-right:var(--wp--preset--spacing--30);padding-bottom:var(--wp--preset--spacing--20);padding-left:var(--wp--preset--spacing--30)\">\n<div class=\"wp-block-columns alignwide are-vertically-aligned-center is-layout-flex wp-container-core-columns-is-layout-14cf5ab5 wp-block-columns-is-layout-flex\">\n<div class=\"wp-block-column is-vertically-aligned-center center-mobile is-layout-flow wp-container-core-column-is-layout-2a974a02 wp-block-column-is-layout-flow\" style=\"padding-top:var(--wp--preset--spacing--40);padding-right:var(--wp--preset--spacing--60);padding-bottom:var(--wp--preset--spacing--30);padding-left:var(--wp--preset--spacing--30);flex-basis:100%\">\n<h1 class=\"wp-block-heading is-style-default\">Le RGAA et l&#8217;accessibilit\u00e9 num\u00e9rique<\/h1>\n\n\n\n<p><strong>\u00ab&nbsp;L\u2019accessibilit\u00e9 num\u00e9rique consiste \u00e0 rendre les contenus et services num\u00e9riques compr\u00e9hensibles et utilisables par les personnes en situation de handicap.&nbsp;\u00bb<\/strong><br>Source : <a href=\"http:\/\/accessibilite.numerique.gouv.fr\" data-type=\"link\" data-id=\"accessibilite.numerique.gouv.fr\" target=\"_blank\" rel=\"noreferrer noopener\">accessibilite.numerique.gouv.fr<\/a><\/p>\n\n\n\n<p>L&#8217;accessibilit\u00e9, c&#8217;est permettre aux <strong>personnes handicap\u00e9es<\/strong> de jouir de leurs <strong>droits et libert\u00e9s, sans discrimination<\/strong>, et b\u00e9n\u00e9ficier d&#8217;un m\u00eame acc\u00e8s \u00e0 l&#8217;information et aux services de communication en ligne. Il est important de lever les barri\u00e8res qu&#8217;elles peuvent rencontrer en ligne.<\/p>\n\n\n\n<p>Rendre les services de communication au public en ligne accessibles aux personnes handicap\u00e9es, c&#8217;est r\u00e9pondre \u00e0 <strong>un droit universel<\/strong> reconnu par la <a href=\"https:\/\/www.ohchr.org\/fr\/instruments-mechanisms\/instruments\/convention-rights-persons-disabilities\" target=\"_blank\" rel=\"noreferrer noopener\">Convention relative aux droits des personnes handicap\u00e9es de l\u2019ONU<\/a> mais \u00e9galement <strong>un enjeu humain<\/strong>. Le num\u00e9rique est partout, dans toutes les d\u00e9marches du quotidien (administratif, achat en ligne). L&#8217;accessibilit\u00e9 num\u00e9rique am\u00e9liore l&#8217;exp\u00e9rience utilisateur pour tous, proposant des supports plus clairs, intuitifs et rapides.<\/p>\n<\/div>\n<\/div>\n<\/div>\n\n\n\n<div class=\"wp-block-group alignfull has-global-color-4-background-color has-background is-layout-flow wp-block-group-is-layout-flow\" style=\"margin-top:0;margin-bottom:0;padding-top:0vh;padding-right:var(--wp--preset--spacing--30);padding-bottom:var(--wp--preset--spacing--40);padding-left:var(--wp--preset--spacing--30)\">\n<div class=\"wp-block-columns is-layout-flex wp-container-core-columns-is-layout-28f84493 wp-block-columns-is-layout-flex\">\n<div class=\"wp-block-column is-layout-flow wp-block-column-is-layout-flow\" style=\"padding-top:var(--wp--preset--spacing--30);padding-right:var(--wp--preset--spacing--40);padding-bottom:var(--wp--preset--spacing--30);padding-left:var(--wp--preset--spacing--40);flex-basis:100%\">\n<h2 class=\"wp-block-heading has-text-align-left is-style-default\">Qu&#8217;est-ce que le RGAA ?<\/h2>\n\n\n\n<p class=\"has-text-align-left has-global-color-2-color has-text-color\">Cr\u00e9\u00e9 dans la continuit\u00e9 de la <strong>loi de 2005 sur l\u2019\u00e9galit\u00e9 des droits<\/strong>, le <strong>R\u00e9f\u00e9rentiel g\u00e9n\u00e9ral d&#8217;am\u00e9lioration d&#8217;accessibilit\u00e9 (RGAA) version 4 <\/strong>est la m\u00e9thode de v\u00e9rification de <strong>la conformit\u00e9 d&#8217;un site <\/strong>aux exigences l\u00e9gales d&#8217;accessibilit\u00e9 pour des personnes poss\u00e9dant un handicap visible ou invisible.<\/p>\n\n\n\n<p>Qui est concern\u00e9 le RGAA ? En France, les obligations l\u00e9gales reposent sur plusieurs cadres r\u00e9glementaires :<\/p>\n\n\n\n<ul class=\"wp-block-list\">\n<li>La <strong>loi n\u00b0 2005-102 du 11 f\u00e9vrier de 2005 <\/strong>pour l\u2019\u00e9galit\u00e9 des droits et des chances, la participation et la citoyennet\u00e9 des personnes handicap\u00e9es&nbsp;(article 47). L&#8217;un des grands objectifs de la loi est <strong>l\u2019am\u00e9lioration de l\u2019accessibilit\u00e9 num\u00e9rique<\/strong>, notamment pour les sites internet des organismes publics.<\/li>\n\n\n\n<li>Le <strong>d\u00e9cret du 24 juillet 2019 <\/strong>sur l\u2019accessibilit\u00e9 num\u00e9rique. Il souhaite un <strong>acc\u00e8s \u00e9quitable des services de communication au public en ligne<\/strong>. Par ce d\u00e9cret, la loi \u00e9tend aussi l\u2019obligation d\u2019accessibilit\u00e9 au secteur priv\u00e9, notamment les entreprises g\u00e9n\u00e9rant <strong>un chiffre d\u2019affaires annuel de 250 millions d\u2019euros<\/strong>.<\/li>\n\n\n\n<li><strong>La directive europ\u00e9enne du 28 juin 2025<\/strong> impose des r\u00e8gles plus strictes, notamment pour les entreprises priv\u00e9es. Toutes les <strong>entreprises de plus de 2 millions d&#8217;euros de chiffre d&#8217;affaires<\/strong> ou<strong> 10 employ\u00e9s minimum <\/strong>sont concern\u00e9es.<\/li>\n<\/ul>\n<\/div>\n<\/div>\n\n\n\n<div class=\"wp-block-columns is-layout-flex wp-container-core-columns-is-layout-28f84493 wp-block-columns-is-layout-flex\">\n<div class=\"wp-block-column is-layout-flow wp-block-column-is-layout-flow\" style=\"padding-top:var(--wp--preset--spacing--30);padding-right:var(--wp--preset--spacing--40);padding-bottom:var(--wp--preset--spacing--30);padding-left:var(--wp--preset--spacing--40);flex-basis:100%\">\n<h2 class=\"wp-block-heading has-text-align-left is-style-default\">Qui est concern\u00e9 par le RGAA ?<\/h2>\n\n\n\n<p class=\"has-text-align-left has-global-color-2-color has-text-color\">Le RGAA imposent \u00e0 de nombreuses structures une mise en conformit\u00e9 de l&#8217;accessibilit\u00e9 de leurs supports :<\/p>\n\n\n\n<ul class=\"wp-block-list\">\n<li><strong>les personnes morales de droit public <\/strong>(administrations, collectivit\u00e9s territoriales, etc.)<\/li>\n\n\n\n<li><strong>les personnes morales de droit priv\u00e9, <\/strong>organismes <strong>d\u00e9l\u00e9gataires d\u2019une mission de service public <\/strong>(transports en commun, eau, \u00e9nergie, etc.), organismes d\u2019int\u00e9r\u00eat g\u00e9n\u00e9ral, autre qu\u2019industriel ou commercial (office de tourisme, culturel, etc.),<\/li>\n\n\n\n<li><strong>les entreprises priv\u00e9es<\/strong> dont le chiffre d\u2019affaires (CA) r\u00e9alis\u00e9 en France est <strong>sup\u00e9rieur ou \u00e9gal \u00e0 2 millions d\u2019euros ou qui ont plus de 10 employ\u00e9s<\/strong>.<\/li>\n<\/ul>\n<\/div>\n<\/div>\n\n\n\n<div class=\"wp-block-columns is-layout-flex wp-container-core-columns-is-layout-28f84493 wp-block-columns-is-layout-flex\">\n<div class=\"wp-block-column is-layout-flow wp-block-column-is-layout-flow\" style=\"padding-top:var(--wp--preset--spacing--30);padding-right:var(--wp--preset--spacing--40);padding-bottom:var(--wp--preset--spacing--30);padding-left:var(--wp--preset--spacing--40);flex-basis:100%\">\n<h2 class=\"wp-block-heading has-text-align-left is-style-default\">Le RGAA, quels supports ?<\/h2>\n\n\n\n<p class=\"has-text-align-left has-global-color-2-color has-text-color\">Les supports num\u00e9riques de ces structures doivent aujourd&#8217;hui \u00eatre accessibles, parmi lesquels sont cit\u00e9s :<\/p>\n\n\n\n<ul class=\"wp-block-list\">\n<li>les sites internet, intranet, extranet<\/li>\n\n\n\n<li>les progiciels<\/li>\n\n\n\n<li>les applications mobiles<\/li>\n\n\n\n<li>le mobilier urbain num\u00e9rique<\/li>\n\n\n\n<li>les contenus (exemple : vid\u00e9os, documents PDF).<\/li>\n<\/ul>\n<\/div>\n<\/div>\n\n\n\n<div class=\"wp-block-columns is-layout-flex wp-container-core-columns-is-layout-28f84493 wp-block-columns-is-layout-flex\">\n<div class=\"wp-block-column is-layout-flow wp-block-column-is-layout-flow\" style=\"padding-top:var(--wp--preset--spacing--30);padding-right:var(--wp--preset--spacing--40);padding-bottom:var(--wp--preset--spacing--30);padding-left:var(--wp--preset--spacing--40);flex-basis:100%\">\n<h2 class=\"wp-block-heading has-text-align-left is-style-default\">Le RGAA en chiffres<\/h2>\n\n\n\n<p class=\"has-text-align-left has-global-color-2-color has-text-color\">Le R\u00e9f\u00e9rentiel g\u00e9n\u00e9ral d&#8217;am\u00e9lioration de l&#8217;accessibilit\u00e9, ce sont :<\/p>\n\n\n\n<ul class=\"wp-block-list\">\n<li class=\"has-medium-font-size\"><strong>106 <\/strong>crit\u00e8res assortis de tests sp\u00e9cifiques (2,5 en moyenne)<\/li>\n\n\n\n<li class=\"has-medium-font-size\"><strong>50 % <\/strong>des crit\u00e8res doivent \u00eatre conformes au minimum<\/li>\n\n\n\n<li class=\"has-medium-font-size\"><strong>25 000 \u20ac<\/strong>, la sanction maximale pour d\u00e9faut de publication par site, renouvelable tous les 6 mois<\/li>\n\n\n\n<li class=\"has-medium-font-size\"><strong>50 000 \u20ac<\/strong>, la sanction maximale pour d\u00e9faut de mise en conformit\u00e9, renouvelable tous les 6 mois (seulement pour le secteur public)<\/li>\n<\/ul>\n<\/div>\n<\/div>\n\n\n\n<div data-wp-context=\"{ &quot;autoclose&quot;: false, &quot;accordionItems&quot;: [] }\" data-wp-interactive=\"core\/accordion\" role=\"group\" class=\"wp-block-accordion is-layout-flow wp-block-accordion-is-layout-flow\">\n<div data-wp-class--is-open=\"state.isOpen\" data-wp-context=\"{ &quot;id&quot;: &quot;accordion-item-1&quot;, &quot;openByDefault&quot;: false }\" data-wp-init=\"callbacks.initAccordionItems\" data-wp-on-window--hashchange=\"callbacks.hashChange\" class=\"wp-block-accordion-item is-layout-flow wp-block-accordion-item-is-layout-flow\">\n<h3 class=\"wp-block-accordion-heading\" style=\"font-size:25px\"><button aria-expanded=\"false\" aria-controls=\"accordion-item-1-panel\" data-wp-bind--aria-expanded=\"state.isOpen\" data-wp-on--click=\"actions.toggle\" data-wp-on--keydown=\"actions.handleKeyDown\" id=\"accordion-item-1\" type=\"button\" class=\"wp-block-accordion-heading__toggle\"><span class=\"wp-block-accordion-heading__toggle-title\">Les obligations de publication du RGAA<\/span><span class=\"wp-block-accordion-heading__toggle-icon\" aria-hidden=\"true\">+<\/span><\/button><\/h3>\n\n\n\n<div inert aria-labelledby=\"accordion-item-1\" data-wp-bind--inert=\"!state.isOpen\" id=\"accordion-item-1-panel\" role=\"region\" class=\"wp-block-accordion-panel is-layout-flow wp-block-accordion-panel-is-layout-flow\">\n<ul class=\"wp-block-list\">\n<li><strong>une d\u00e9claration d\u2019accessibilit\u00e9<\/strong> indiquant l\u2019\u00e9tat d\u2019accessibilit\u00e9 du site (valable 3 ans)<\/li>\n\n\n\n<li><strong>le taux de conformit\u00e9 au RGAA<\/strong> au minimum sur la page d\u2019accueil<\/li>\n\n\n\n<li><strong>le sch\u00e9ma pluriannuel d\u2019accessibilit\u00e9 num\u00e9rique<\/strong> pr\u00e9sentant l\u2019ensemble des dispositifs mis en place pour accompagner la mise en accessibilit\u00e9 des supports<\/li>\n<\/ul>\n<\/div>\n<\/div>\n<\/div>\n<\/div>\n\n\n\n<div class=\"wp-block-group alignfull center-mobile has-background is-layout-constrained wp-container-core-group-is-layout-83710dc7 wp-block-group-is-layout-constrained\" style=\"border-bottom-color:#FFFFFF1A;border-bottom-width:1px;background-color:#ba5d00;margin-top:0;margin-bottom:0;padding-top:var(--wp--preset--spacing--40);padding-right:var(--wp--preset--spacing--30);padding-bottom:var(--wp--preset--spacing--40);padding-left:var(--wp--preset--spacing--30)\">\n<div class=\"wp-block-columns alignwide are-vertically-aligned-center is-layout-flex wp-container-core-columns-is-layout-28f84493 wp-block-columns-is-layout-flex\">\n<div class=\"wp-block-column is-vertically-aligned-center is-layout-flow wp-block-column-is-layout-flow\" style=\"flex-basis:50%\">\n<h2 class=\"wp-block-heading has-text-color\" style=\"color:#FFFFFF\">Vous avez un projet de communication ? N&#8217;h\u00e9sitez pas \u00e0 nous contacter !<\/h2>\n<\/div>\n\n\n\n<div class=\"wp-block-column is-vertically-aligned-center is-layout-flow wp-block-column-is-layout-flow\" style=\"flex-basis:50%\">\n<div class=\"wp-block-buttons center-mobile is-content-justification-right is-layout-flex wp-container-core-buttons-is-layout-d445cf74 wp-block-buttons-is-layout-flex\">\n<div class=\"wp-block-button is-style-default\"><a class=\"wp-block-button__link has-ast-global-color-4-background-color has-text-color has-background has-link-color has-border-color has-global-color-1-border-color has-text-align-right wp-element-button\" href=\"https:\/\/www.holikos.com\/index.php\/contact\/\" style=\"border-width:1px;color:#ba5d00\">Contactez-nous !<\/a><\/div>\n<\/div>\n<\/div>\n<\/div>\n<\/div>\n\n\n\n<p><\/p>\n\n\n\n<hr class=\"wp-block-separator has-alpha-channel-opacity\"\/>\n\n\n\n<div class=\"wp-block-columns has-ast-global-color-7-background-color has-background is-layout-flex wp-container-core-columns-is-layout-28f84493 wp-block-columns-is-layout-flex\">\n<div class=\"wp-block-column is-layout-flow wp-block-column-is-layout-flow\">\n<p>Holikos Communication<br>5, Beg Ch\u00e2tel<br>29340 Riec-sur-B\u00e9lon<br>T\u00e9l. : 06 77 59 47 91<br><a href=\"mailto:contact@holikos.com\">contact@holikos.<\/a><a href=\"mailto:contact@holikos.com\" target=\"_blank\" rel=\"noreferrer noopener\">com<\/a><br><a href=\"https:\/\/www.linkedin.com\/company\/holikos-communication\" data-type=\"link\" data-id=\"https:\/\/www.linkedin.com\/company\/holikos-communication\" target=\"_blank\" rel=\"noreferrer noopener\">Linkedin Holikos<\/a><\/p>\n<\/div>\n\n\n\n<div class=\"wp-block-column is-layout-flow wp-block-column-is-layout-flow\">\n<p><a href=\"https:\/\/www.holikos.com\/\" data-type=\"page\" data-id=\"741\">L&#8217;agence Holikos<\/a><br><a href=\"https:\/\/www.holikos.com\/index.php\/prestations\/\" data-type=\"page\" data-id=\"1100\">Nos prestations<\/a><br><a href=\"https:\/\/www.holikos.com\/index.php\/realisations\/\" data-type=\"page\" data-id=\"51\">Nos r\u00e9alisations<\/a><br><a href=\"https:\/\/www.holikos.com\/index.php\/contact\/\" data-type=\"page\" data-id=\"63\">Contactez-nous<\/a><br><a href=\"https:\/\/www.holikos.com\/index.php\/1155-2\/\" data-type=\"page\" data-id=\"1155\">Mentions l\u00e9gales<\/a><br><a href=\"https:\/\/www.holikos.com\/index.php\/1146-2\/\" data-type=\"page\" data-id=\"1146\">Conditions g\u00e9n\u00e9rales de vente<\/a><\/p>\n<\/div>\n<\/div>\n\n\n\n<p>\u00a9 2026 Holikos Communication. Tous droits r\u00e9serv\u00e9s.<\/p>\n","protected":false},"excerpt":{"rendered":"<p>Le RGAA et l&#8217;accessibilit\u00e9 num\u00e9rique \u00ab&nbsp;L\u2019accessibilit\u00e9 num\u00e9rique consiste \u00e0 rendre les contenus et services num\u00e9riques compr\u00e9hensibles et utilisables par les [&hellip;]<\/p>\n","protected":false},"author":1,"featured_media":0,"parent":1100,"menu_order":0,"comment_status":"closed","ping_status":"closed","template":"","meta":{"_uag_custom_page_level_css":"","site-sidebar-layout":"default","site-content-layout":"","ast-site-content-layout":"default","site-content-style":"default","site-sidebar-style":"default","ast-global-header-display":"","ast-banner-title-visibility":"","ast-main-header-display":"","ast-hfb-above-header-display":"","ast-hfb-below-header-display":"","ast-hfb-mobile-header-display":"","site-post-title":"disabled","ast-breadcrumbs-content":"","ast-featured-img":"","footer-sml-layout":"","ast-disable-related-posts":"","theme-transparent-header-meta":"","adv-header-id-meta":"","stick-header-meta":"","header-above-stick-meta":"","header-main-stick-meta":"","header-below-stick-meta":"","astra-migrate-meta-layouts":"default","ast-page-background-enabled":"default","ast-page-background-meta":{"desktop":{"background-color":"var(--ast-global-color-5)","background-image":"","background-repeat":"repeat","background-position":"center center","background-size":"auto","background-attachment":"scroll","background-type":"","background-media":"","overlay-type":"","overlay-color":"","overlay-opacity":"","overlay-gradient":""},"tablet":{"background-color":"","background-image":"","background-repeat":"repeat","background-position":"center center","background-size":"auto","background-attachment":"scroll","background-type":"","background-media":"","overlay-type":"","overlay-color":"","overlay-opacity":"","overlay-gradient":""},"mobile":{"background-color":"","background-image":"","background-repeat":"repeat","background-position":"center center","background-size":"auto","background-attachment":"scroll","background-type":"","background-media":"","overlay-type":"","overlay-color":"","overlay-opacity":"","overlay-gradient":""}},"ast-content-background-meta":{"desktop":{"background-color":"var(--ast-global-color-4)","background-image":"","background-repeat":"repeat","background-position":"center center","background-size":"auto","background-attachment":"scroll","background-type":"","background-media":"","overlay-type":"","overlay-color":"","overlay-opacity":"","overlay-gradient":""},"tablet":{"background-color":"var(--ast-global-color-4)","background-image":"","background-repeat":"repeat","background-position":"center center","background-size":"auto","background-attachment":"scroll","background-type":"","background-media":"","overlay-type":"","overlay-color":"","overlay-opacity":"","overlay-gradient":""},"mobile":{"background-color":"var(--ast-global-color-4)","background-image":"","background-repeat":"repeat","background-position":"center center","background-size":"auto","background-attachment":"scroll","background-type":"","background-media":"","overlay-type":"","overlay-color":"","overlay-opacity":"","overlay-gradient":""}},"footnotes":""},"class_list":["post-1627","page","type-page","status-publish","hentry"],"uagb_featured_image_src":{"full":false,"thumbnail":false,"medium":false,"medium_large":false,"large":false,"1536x1536":false,"2048x2048":false},"uagb_author_info":{"display_name":"admin3842","author_link":"https:\/\/www.holikos.com\/index.php\/author\/admin3842\/"},"uagb_comment_info":0,"uagb_excerpt":"Le RGAA et l&#8217;accessibilit\u00e9 num\u00e9rique \u00ab&nbsp;L\u2019accessibilit\u00e9 num\u00e9rique consiste \u00e0 rendre les contenus et services num\u00e9riques compr\u00e9hensibles et utilisables par les [&hellip;]","_links":{"self":[{"href":"https:\/\/www.holikos.com\/index.php\/wp-json\/wp\/v2\/pages\/1627","targetHints":{"allow":["GET"]}}],"collection":[{"href":"https:\/\/www.holikos.com\/index.php\/wp-json\/wp\/v2\/pages"}],"about":[{"href":"https:\/\/www.holikos.com\/index.php\/wp-json\/wp\/v2\/types\/page"}],"author":[{"embeddable":true,"href":"https:\/\/www.holikos.com\/index.php\/wp-json\/wp\/v2\/users\/1"}],"replies":[{"embeddable":true,"href":"https:\/\/www.holikos.com\/index.php\/wp-json\/wp\/v2\/comments?post=1627"}],"version-history":[{"count":18,"href":"https:\/\/www.holikos.com\/index.php\/wp-json\/wp\/v2\/pages\/1627\/revisions"}],"predecessor-version":[{"id":1888,"href":"https:\/\/www.holikos.com\/index.php\/wp-json\/wp\/v2\/pages\/1627\/revisions\/1888"}],"up":[{"embeddable":true,"href":"https:\/\/www.holikos.com\/index.php\/wp-json\/wp\/v2\/pages\/1100"}],"wp:attachment":[{"href":"https:\/\/www.holikos.com\/index.php\/wp-json\/wp\/v2\/media?parent=1627"}],"curies":[{"name":"wp","href":"https:\/\/api.w.org\/{rel}","templated":true}]}}