{"id":63,"date":"2025-12-01T21:32:13","date_gmt":"2025-12-01T21:32:13","guid":{"rendered":"https:\/\/www.holikos.com\/?page_id=63"},"modified":"2026-03-09T11:47:08","modified_gmt":"2026-03-09T11:47:08","slug":"contact","status":"publish","type":"page","link":"https:\/\/www.holikos.com\/index.php\/contact\/","title":{"rendered":"Contactez-nous !"},"content":{"rendered":"\n<div class=\"wp-block-columns is-layout-flex wp-container-core-columns-is-layout-28f84493 wp-block-columns-is-layout-flex\">\n<div class=\"wp-block-column is-layout-flow wp-block-column-is-layout-flow\" style=\"flex-basis:33.33%\"><div class=\"wp-block-site-logo\"><a href=\"https:\/\/www.holikos.com\/\" class=\"custom-logo-link\" rel=\"home\"><img loading=\"lazy\" decoding=\"async\" width=\"319\" height=\"130\" src=\"https:\/\/www.holikos.com\/wp-content\/uploads\/2025\/12\/Logp-HC-2026-bandeau-scaled-313x128.jpg\" class=\"custom-logo\" alt=\"Holikos Communication\" srcset=\"https:\/\/www.holikos.com\/wp-content\/uploads\/2025\/12\/Logp-HC-2026-bandeau-scaled.jpg 2560w, https:\/\/www.holikos.com\/wp-content\/uploads\/2025\/12\/Logp-HC-2026-bandeau-scaled-300x122.jpg 300w, https:\/\/www.holikos.com\/wp-content\/uploads\/2025\/12\/Logp-HC-2026-bandeau-scaled-1024x418.jpg 1024w, https:\/\/www.holikos.com\/wp-content\/uploads\/2025\/12\/Logp-HC-2026-bandeau-scaled-768x313.jpg 768w, https:\/\/www.holikos.com\/wp-content\/uploads\/2025\/12\/Logp-HC-2026-bandeau-scaled-1536x626.jpg 1536w, https:\/\/www.holikos.com\/wp-content\/uploads\/2025\/12\/Logp-HC-2026-bandeau-scaled-2048x835.jpg 2048w, https:\/\/www.holikos.com\/wp-content\/uploads\/2025\/12\/Logp-HC-2026-bandeau-scaled-313x128.jpg 313w\" sizes=\"auto, (max-width: 319px) 100vw, 319px\" \/><\/a><\/div><\/div>\n\n\n\n<div class=\"wp-block-column is-layout-flow wp-block-column-is-layout-flow\" style=\"flex-basis:66.66%\">\n<p class=\"has-text-align-right is-style-default\">06 77 59 47 91<\/p>\n\n\n\n<div class=\"wp-block-columns is-layout-flex wp-container-core-columns-is-layout-28f84493 wp-block-columns-is-layout-flex\">\n<div class=\"wp-block-column is-layout-flow wp-block-column-is-layout-flow\" style=\"flex-basis:100%\"><nav class=\"is-responsive items-justified-right wp-block-navigation is-content-justification-right is-layout-flex wp-container-core-navigation-is-layout-d445cf74 wp-block-navigation-is-layout-flex\" aria-label=\"Navigation\" \n\t\t data-wp-interactive=\"core\/navigation\" data-wp-context='{\"overlayOpenedBy\":{\"click\":false,\"hover\":false,\"focus\":false},\"type\":\"overlay\",\"roleAttribute\":\"\",\"ariaLabel\":\"Menu\"}'><button aria-haspopup=\"dialog\" aria-label=\"Ouvrir le menu\" class=\"wp-block-navigation__responsive-container-open\" \n\t\t\t\tdata-wp-on--click=\"actions.openMenuOnClick\"\n\t\t\t\tdata-wp-on--keydown=\"actions.handleMenuKeydown\"\n\t\t\t><svg width=\"24\" height=\"24\" xmlns=\"http:\/\/www.w3.org\/2000\/svg\" viewBox=\"0 0 24 24\" aria-hidden=\"true\" focusable=\"false\"><path d=\"M4 7.5h16v1.5H4z\"><\/path><path d=\"M4 15h16v1.5H4z\"><\/path><\/svg><\/button>\n\t\t\t\t<div class=\"wp-block-navigation__responsive-container\"  id=\"modal-1\" \n\t\t\t\tdata-wp-class--has-modal-open=\"state.isMenuOpen\"\n\t\t\t\tdata-wp-class--is-menu-open=\"state.isMenuOpen\"\n\t\t\t\tdata-wp-watch=\"callbacks.initMenu\"\n\t\t\t\tdata-wp-on--keydown=\"actions.handleMenuKeydown\"\n\t\t\t\tdata-wp-on--focusout=\"actions.handleMenuFocusout\"\n\t\t\t\ttabindex=\"-1\"\n\t\t\t>\n\t\t\t\t\t<div class=\"wp-block-navigation__responsive-close\" tabindex=\"-1\">\n\t\t\t\t\t\t<div class=\"wp-block-navigation__responsive-dialog\" \n\t\t\t\tdata-wp-bind--aria-modal=\"state.ariaModal\"\n\t\t\t\tdata-wp-bind--aria-label=\"state.ariaLabel\"\n\t\t\t\tdata-wp-bind--role=\"state.roleAttribute\"\n\t\t\t>\n\t\t\t\t\t\t\t<button aria-label=\"Fermer le menu\" class=\"wp-block-navigation__responsive-container-close\" \n\t\t\t\tdata-wp-on--click=\"actions.closeMenuOnClick\"\n\t\t\t><svg xmlns=\"http:\/\/www.w3.org\/2000\/svg\" viewBox=\"0 0 24 24\" width=\"24\" height=\"24\" aria-hidden=\"true\" focusable=\"false\"><path d=\"m13.06 12 6.47-6.47-1.06-1.06L12 10.94 5.53 4.47 4.47 5.53 10.94 12l-6.47 6.47 1.06 1.06L12 13.06l6.47 6.47 1.06-1.06L13.06 12Z\"><\/path><\/svg><\/button>\n\t\t\t\t\t\t\t<div class=\"wp-block-navigation__responsive-container-content\" \n\t\t\t\tdata-wp-watch=\"callbacks.focusFirstElement\"\n\t\t\t id=\"modal-1-content\">\n\t\t\t\t\t\t\t\t<ul class=\"wp-block-navigation__container is-responsive items-justified-right wp-block-navigation\"><li data-wp-context=\"{ &quot;submenuOpenedBy&quot;: { &quot;click&quot;: false, &quot;hover&quot;: false, &quot;focus&quot;: false }, &quot;type&quot;: &quot;submenu&quot;, &quot;modal&quot;: null, &quot;previousFocus&quot;: null }\" data-wp-interactive=\"core\/navigation\" data-wp-on--focusout=\"actions.handleMenuFocusout\" data-wp-on--keydown=\"actions.handleMenuKeydown\" data-wp-on--mouseenter=\"actions.openMenuOnHover\" data-wp-on--mouseleave=\"actions.closeMenuOnHover\" data-wp-watch=\"callbacks.initMenu\" tabindex=\"-1\" class=\"wp-block-navigation-item has-child open-on-hover-click wp-block-navigation-submenu\"><a class=\"wp-block-navigation-item__content\" href=\"http:\/\/www.holikos.com\/index.php\/prestations\/\"><span class=\"wp-block-navigation-item__label\">Prestations<\/span><\/a><button data-wp-bind--aria-expanded=\"state.isMenuOpen\" data-wp-on--click=\"actions.toggleMenuOnClick\" aria-label=\"Sous-menu Prestations\" class=\"wp-block-navigation__submenu-icon wp-block-navigation-submenu__toggle\" ><svg xmlns=\"http:\/\/www.w3.org\/2000\/svg\" width=\"12\" height=\"12\" viewBox=\"0 0 12 12\" fill=\"none\" aria-hidden=\"true\" focusable=\"false\"><path d=\"M1.50002 4L6.00002 8L10.5 4\" stroke-width=\"1.5\"><\/path><\/svg><\/button><ul data-wp-on--focus=\"actions.openMenuOnFocus\" class=\"wp-block-navigation__submenu-container wp-block-navigation-submenu\"><li class=\" wp-block-navigation-item wp-block-navigation-link\"><a class=\"wp-block-navigation-item__content\"  href=\"https:\/\/www.holikos.com\/index.php\/prestations\/communication-accessible\/\"><span class=\"wp-block-navigation-item__label\">La communication accessible<\/span><\/a><\/li><li class=\" wp-block-navigation-item wp-block-navigation-link\"><a class=\"wp-block-navigation-item__content\"  href=\"https:\/\/www.holikos.com\/index.php\/prestations\/la-conception-universelle\/\"><span class=\"wp-block-navigation-item__label\">La conception universelle<\/span><\/a><\/li><li class=\" wp-block-navigation-item wp-block-navigation-link\"><a class=\"wp-block-navigation-item__content\"  href=\"https:\/\/www.holikos.com\/index.php\/prestations\/rgaa-accessibilite-numerique\/\"><span class=\"wp-block-navigation-item__label\">Le RGAA et l\u2019accessibilit\u00e9 num\u00e9rique<\/span><\/a><\/li><\/ul><\/li><li class=\" wp-block-navigation-item wp-block-navigation-link\"><a class=\"wp-block-navigation-item__content\"  href=\"http:\/\/www.holikos.com\/index.php\/realisations\/\"><span class=\"wp-block-navigation-item__label\">R\u00e9alisations<\/span><\/a><\/li><li class=\" wp-block-navigation-item wp-block-navigation-link\"><a class=\"wp-block-navigation-item__content\"  href=\"http:\/\/www.holikos.com\/index.php\/contact\/\"><span class=\"wp-block-navigation-item__label\">Contact<\/span><\/a><\/li><\/ul>\n\t\t\t\t\t\t\t<\/div>\n\t\t\t\t\t\t<\/div>\n\t\t\t\t\t<\/div>\n\t\t\t\t<\/div><\/nav><\/div>\n<\/div>\n<\/div>\n<\/div>\n\n\n\n<hr class=\"wp-block-separator has-alpha-channel-opacity\"\/>\n\n\n\n<div class=\"wp-block-group alignfull has-global-color-7-background-color has-background is-layout-constrained wp-container-core-group-is-layout-e8046333 wp-block-group-is-layout-constrained\" style=\"margin-top:0;margin-bottom:0;padding-top:9vh;padding-right:var(--wp--preset--spacing--30);padding-bottom:var(--wp--preset--spacing--20);padding-left:var(--wp--preset--spacing--30)\">\n<div class=\"wp-block-columns alignwide are-vertically-aligned-center is-layout-flex wp-container-core-columns-is-layout-14cf5ab5 wp-block-columns-is-layout-flex\">\n<div class=\"wp-block-column is-vertically-aligned-center center-mobile is-layout-flow wp-container-core-column-is-layout-c82275d0 wp-block-column-is-layout-flow\" style=\"padding-top:0;padding-right:var(--wp--preset--spacing--60);padding-bottom:0;padding-left:var(--wp--preset--spacing--30);flex-basis:62%\">\n<h1 class=\"wp-block-heading is-style-default\">Contactez-nous !<\/h1>\n\n\n\n<p>Holikos Communication<br>5, Beg Ch\u00e2tel<br>29340 Riec-sur-B\u00e9lon<br>T\u00e9l. : 06 77 59 47 91<br><a href=\"mailto:contact@holikos.com\">contact@holikos.<\/a><a href=\"mailto:contact@holikos.com\" target=\"_blank\" rel=\"noreferrer noopener\">com<\/a><\/p>\n<\/div>\n\n\n\n<div class=\"wp-block-column is-vertically-aligned-center stretch-right is-layout-flow wp-block-column-is-layout-flow\" style=\"padding-top:0;padding-right:10px;padding-bottom:0;padding-left:10px;flex-basis:50%\">\n<figure class=\"wp-block-image aligncenter size-full is-resized\"><img loading=\"lazy\" decoding=\"async\" width=\"512\" height=\"512\" src=\"http:\/\/www.holikos.com\/wp-content\/uploads\/2025\/12\/cropped-Logp-HC-2026-scaled-1.jpg\" alt=\"\" class=\"wp-image-21\" style=\"width:262px;height:auto\" srcset=\"https:\/\/www.holikos.com\/wp-content\/uploads\/2025\/12\/cropped-Logp-HC-2026-scaled-1.jpg 512w, https:\/\/www.holikos.com\/wp-content\/uploads\/2025\/12\/cropped-Logp-HC-2026-scaled-1-300x300.jpg 300w, https:\/\/www.holikos.com\/wp-content\/uploads\/2025\/12\/cropped-Logp-HC-2026-scaled-1-150x150.jpg 150w, https:\/\/www.holikos.com\/wp-content\/uploads\/2025\/12\/cropped-Logp-HC-2026-scaled-1-230x230.jpg 230w, https:\/\/www.holikos.com\/wp-content\/uploads\/2025\/12\/cropped-Logp-HC-2026-scaled-1-350x350.jpg 350w, https:\/\/www.holikos.com\/wp-content\/uploads\/2025\/12\/cropped-Logp-HC-2026-scaled-1-480x480.jpg 480w, https:\/\/www.holikos.com\/wp-content\/uploads\/2025\/12\/cropped-Logp-HC-2026-scaled-1-216x216.jpg 216w, https:\/\/www.holikos.com\/wp-content\/uploads\/2025\/12\/cropped-Logp-HC-2026-scaled-1-270x270.jpg 270w, https:\/\/www.holikos.com\/wp-content\/uploads\/2025\/12\/cropped-Logp-HC-2026-scaled-1-192x192.jpg 192w, https:\/\/www.holikos.com\/wp-content\/uploads\/2025\/12\/cropped-Logp-HC-2026-scaled-1-180x180.jpg 180w, https:\/\/www.holikos.com\/wp-content\/uploads\/2025\/12\/cropped-Logp-HC-2026-scaled-1-32x32.jpg 32w\" sizes=\"auto, (max-width: 512px) 100vw, 512px\" \/><\/figure>\n<\/div>\n<\/div>\n<\/div>\n\n\n<style id=\"wpforms-css-vars-744-block-7b47d215-0e53-4dd3-97c2-b5081902c891\">\n\t\t\t\t#wpforms-744.wpforms-block-7b47d215-0e53-4dd3-97c2-b5081902c891 {\n\t\t\t\t--wpforms-field-size-input-height: 43px;\n--wpforms-field-size-input-spacing: 15px;\n--wpforms-field-size-font-size: 16px;\n--wpforms-field-size-line-height: 19px;\n--wpforms-field-size-padding-h: 14px;\n--wpforms-field-size-checkbox-size: 16px;\n--wpforms-field-size-sublabel-spacing: 5px;\n--wpforms-field-size-icon-size: 1;\n--wpforms-label-size-font-size: 16px;\n--wpforms-label-size-line-height: 19px;\n--wpforms-label-size-sublabel-font-size: 14px;\n--wpforms-label-size-sublabel-line-height: 17px;\n--wpforms-button-size-font-size: 17px;\n--wpforms-button-size-height: 41px;\n--wpforms-button-size-padding-h: 15px;\n--wpforms-button-size-margin-top: 10px;\n\t\t\t}\n\t\t\t<\/style><div class=\"wpforms-container wpforms-container-full wpforms-block wpforms-block-7b47d215-0e53-4dd3-97c2-b5081902c891 wpforms-render-modern\" id=\"wpforms-744\"><form id=\"wpforms-form-744\" class=\"wpforms-validate wpforms-form wpforms-ajax-form\" data-formid=\"744\" method=\"post\" enctype=\"multipart\/form-data\" action=\"\/index.php\/wp-json\/wp\/v2\/pages\/63\" data-token=\"29c388dcce4eb4d8a1db372a35958b78\" data-token-time=\"1776600376\"><noscript class=\"wpforms-error-noscript\">Veuillez activer JavaScript dans votre navigateur pour remplir ce formulaire.<\/noscript><div id=\"wpforms-error-noscript\" style=\"display: none;\">Veuillez activer JavaScript dans votre navigateur pour remplir ce formulaire.<\/div><div class=\"wpforms-field-container\"><div id=\"wpforms-744-field_0-container\" class=\"wpforms-field wpforms-field-name wpforms-one-half wpforms-first\" data-field-id=\"0\"><label class=\"wpforms-field-label\" for=\"wpforms-744-field_0\">Nom <span class=\"wpforms-required-label\" aria-hidden=\"true\">*<\/span><\/label><input type=\"text\" id=\"wpforms-744-field_0\" class=\"wpforms-field-large wpforms-field-required\" name=\"wpforms[fields][0]\" aria-errormessage=\"wpforms-744-field_0-error\" required><\/div><div id=\"wpforms-744-field_3-container\" class=\"wpforms-field wpforms-field-name wpforms-one-half wpforms-first\" data-field-id=\"3\"><label class=\"wpforms-field-label\" for=\"wpforms-744-field_3\">Pr\u00e9nom <span class=\"wpforms-required-label\" aria-hidden=\"true\">*<\/span><\/label><input type=\"text\" id=\"wpforms-744-field_3\" class=\"wpforms-field-large wpforms-field-required\" name=\"wpforms[fields][3]\" aria-errormessage=\"wpforms-744-field_3-error\" required><\/div><div id=\"wpforms-744-field_4-container\" class=\"wpforms-field wpforms-field-name wpforms-one-half wpforms-first\" data-field-id=\"4\"><label class=\"wpforms-field-label\" for=\"wpforms-744-field_4\">Structure <span class=\"wpforms-required-label\" aria-hidden=\"true\">*<\/span><\/label><input type=\"text\" id=\"wpforms-744-field_4\" class=\"wpforms-field-large wpforms-field-required\" name=\"wpforms[fields][4]\" aria-errormessage=\"wpforms-744-field_4-error\" required><\/div><div id=\"wpforms-744-field_1-container\" class=\"wpforms-field wpforms-field-email wpforms-one-half\" data-field-id=\"1\"><label class=\"wpforms-field-label\" for=\"wpforms-744-field_1\">Email <span class=\"wpforms-required-label\" aria-hidden=\"true\">*<\/span><\/label><input type=\"email\" id=\"wpforms-744-field_1\" class=\"wpforms-field-large wpforms-field-required\" name=\"wpforms[fields][1]\" spellcheck=\"false\" aria-errormessage=\"wpforms-744-field_1-error\" required><\/div><div id=\"wpforms-744-field_2-container\" class=\"wpforms-field wpforms-field-textarea\" data-field-id=\"2\"><label class=\"wpforms-field-label\" for=\"wpforms-744-field_2\">Message <span class=\"wpforms-required-label\" aria-hidden=\"true\">*<\/span><\/label><textarea id=\"wpforms-744-field_2\" class=\"wpforms-field-medium wpforms-field-required\" name=\"wpforms[fields][2]\" aria-errormessage=\"wpforms-744-field_2-error\" required><\/textarea><\/div><\/div><!-- .wpforms-field-container --><div class=\"wpforms-submit-container\" ><input type=\"hidden\" name=\"wpforms[id]\" value=\"744\"><input type=\"hidden\" name=\"page_title\" value=\"\"><input type=\"hidden\" name=\"page_url\" value=\"https:\/\/www.holikos.com\/index.php\/wp-json\/wp\/v2\/pages\/63\"><input type=\"hidden\" name=\"url_referer\" value=\"\"><button type=\"submit\" name=\"wpforms[submit]\" id=\"wpforms-submit-744\" class=\"wpforms-submit\" data-alt-text=\"En cours d&#039;envoi...\" data-submit-text=\"Soumettre\" aria-live=\"assertive\" value=\"wpforms-submit\">Soumettre<\/button><img loading=\"lazy\" decoding=\"async\" src=\"https:\/\/www.holikos.com\/wp-content\/plugins\/wpforms-lite\/assets\/images\/submit-spin.svg\" class=\"wpforms-submit-spinner\" style=\"display: none;\" width=\"26\" height=\"26\" alt=\"Chargement en cours\"><\/div><\/form><\/div>  <!-- .wpforms-container -->\n\n\n<hr class=\"wp-block-separator has-alpha-channel-opacity\"\/>\n\n\n\n<div class=\"wp-block-columns has-ast-global-color-7-background-color has-background is-layout-flex wp-container-core-columns-is-layout-28f84493 wp-block-columns-is-layout-flex\">\n<div class=\"wp-block-column is-layout-flow wp-block-column-is-layout-flow\">\n<figure class=\"wp-block-image size-full is-resized\"><img loading=\"lazy\" decoding=\"async\" width=\"512\" height=\"512\" src=\"https:\/\/www.holikos.com\/wp-content\/uploads\/2025\/12\/cropped-Logp-HC-2026-scaled-1.jpg\" alt=\"\" class=\"wp-image-21\" style=\"width:169px;height:auto\" srcset=\"https:\/\/www.holikos.com\/wp-content\/uploads\/2025\/12\/cropped-Logp-HC-2026-scaled-1.jpg 512w, https:\/\/www.holikos.com\/wp-content\/uploads\/2025\/12\/cropped-Logp-HC-2026-scaled-1-300x300.jpg 300w, https:\/\/www.holikos.com\/wp-content\/uploads\/2025\/12\/cropped-Logp-HC-2026-scaled-1-150x150.jpg 150w, https:\/\/www.holikos.com\/wp-content\/uploads\/2025\/12\/cropped-Logp-HC-2026-scaled-1-230x230.jpg 230w, https:\/\/www.holikos.com\/wp-content\/uploads\/2025\/12\/cropped-Logp-HC-2026-scaled-1-350x350.jpg 350w, https:\/\/www.holikos.com\/wp-content\/uploads\/2025\/12\/cropped-Logp-HC-2026-scaled-1-480x480.jpg 480w, https:\/\/www.holikos.com\/wp-content\/uploads\/2025\/12\/cropped-Logp-HC-2026-scaled-1-216x216.jpg 216w, https:\/\/www.holikos.com\/wp-content\/uploads\/2025\/12\/cropped-Logp-HC-2026-scaled-1-270x270.jpg 270w, https:\/\/www.holikos.com\/wp-content\/uploads\/2025\/12\/cropped-Logp-HC-2026-scaled-1-192x192.jpg 192w, https:\/\/www.holikos.com\/wp-content\/uploads\/2025\/12\/cropped-Logp-HC-2026-scaled-1-180x180.jpg 180w, https:\/\/www.holikos.com\/wp-content\/uploads\/2025\/12\/cropped-Logp-HC-2026-scaled-1-32x32.jpg 32w\" sizes=\"auto, (max-width: 512px) 100vw, 512px\" \/><\/figure>\n<\/div>\n\n\n\n<div class=\"wp-block-column is-layout-flow wp-block-column-is-layout-flow\">\n<p>Holikos Communication<br>5, Beg Ch\u00e2tel<br>29340 Riec-sur-B\u00e9lon<br>T\u00e9l. : 06 77 59 47 91<br><a href=\"mailto:contact@holikos.com\">contact@holikos.<\/a><a href=\"mailto:contact@holikos.com\" target=\"_blank\" rel=\"noreferrer noopener\">com<\/a><br><a href=\"https:\/\/www.linkedin.com\/company\/holikos-communication\" data-type=\"link\" data-id=\"https:\/\/www.linkedin.com\/company\/holikos-communication\" target=\"_blank\" rel=\"noreferrer noopener\"><\/a><a href=\"https:\/\/www.linkedin.com\/company\/holikos-communication\" data-type=\"link\" data-id=\"https:\/\/www.linkedin.com\/company\/holikos-communication\" target=\"_blank\" rel=\"noreferrer noopener\">Linkedin Holikos<\/a><\/p>\n<\/div>\n\n\n\n<div class=\"wp-block-column is-layout-flow wp-block-column-is-layout-flow\">\n<p><a href=\"https:\/\/www.holikos.com\/\" data-type=\"page\" data-id=\"741\">L&#8217;agence Holikos<\/a><br><a href=\"https:\/\/www.holikos.com\/index.php\/prestations\/\" data-type=\"page\" data-id=\"1100\">Nos prestations<\/a><br><a href=\"https:\/\/www.holikos.com\/index.php\/realisations\/\" data-type=\"page\" data-id=\"51\">Nos r\u00e9alisations<\/a><br><a href=\"https:\/\/www.holikos.com\/index.php\/contact\/\" data-type=\"page\" data-id=\"63\">Contactez-nous<\/a><br><a href=\"https:\/\/www.holikos.com\/index.php\/1155-2\/\" data-type=\"page\" data-id=\"1155\">Mentions l\u00e9gales<\/a><br><a href=\"https:\/\/www.holikos.com\/index.php\/1146-2\/\" data-type=\"page\" data-id=\"1146\">Conditions g\u00e9n\u00e9rales de vente<\/a><\/p>\n<\/div>\n<\/div>\n\n\n\n<p>\u00a9 2026 Holikos Communication. Tous droits r\u00e9serv\u00e9s.<\/p>\n","protected":false},"excerpt":{"rendered":"<p>06 77 59 47 91 Contactez-nous ! Holikos Communication5, Beg Ch\u00e2tel29340 Riec-sur-B\u00e9lonT\u00e9l. : 06 77 59 47 91contact@holikos.com Holikos Communication5, [&hellip;]<\/p>\n","protected":false},"author":1,"featured_media":0,"parent":0,"menu_order":0,"comment_status":"closed","ping_status":"closed","template":"","meta":{"_uag_custom_page_level_css":"","site-sidebar-layout":"default","site-content-layout":"","ast-site-content-layout":"default","site-content-style":"default","site-sidebar-style":"default","ast-global-header-display":"","ast-banner-title-visibility":"","ast-main-header-display":"","ast-hfb-above-header-display":"","ast-hfb-below-header-display":"","ast-hfb-mobile-header-display":"","site-post-title":"","ast-breadcrumbs-content":"","ast-featured-img":"","footer-sml-layout":"","ast-disable-related-posts":"","theme-transparent-header-meta":"","adv-header-id-meta":"","stick-header-meta":"","header-above-stick-meta":"","header-main-stick-meta":"","header-below-stick-meta":"","astra-migrate-meta-layouts":"default","ast-page-background-enabled":"default","ast-page-background-meta":{"desktop":{"background-color":"var(--ast-global-color-5)","background-image":"","background-repeat":"repeat","background-position":"center center","background-size":"auto","background-attachment":"scroll","background-type":"","background-media":"","overlay-type":"","overlay-color":"","overlay-opacity":"","overlay-gradient":""},"tablet":{"background-color":"","background-image":"","background-repeat":"repeat","background-position":"center center","background-size":"auto","background-attachment":"scroll","background-type":"","background-media":"","overlay-type":"","overlay-color":"","overlay-opacity":"","overlay-gradient":""},"mobile":{"background-color":"","background-image":"","background-repeat":"repeat","background-position":"center center","background-size":"auto","background-attachment":"scroll","background-type":"","background-media":"","overlay-type":"","overlay-color":"","overlay-opacity":"","overlay-gradient":""}},"ast-content-background-meta":{"desktop":{"background-color":"var(--ast-global-color-4)","background-image":"","background-repeat":"repeat","background-position":"center center","background-size":"auto","background-attachment":"scroll","background-type":"","background-media":"","overlay-type":"","overlay-color":"","overlay-opacity":"","overlay-gradient":""},"tablet":{"background-color":"var(--ast-global-color-4)","background-image":"","background-repeat":"repeat","background-position":"center center","background-size":"auto","background-attachment":"scroll","background-type":"","background-media":"","overlay-type":"","overlay-color":"","overlay-opacity":"","overlay-gradient":""},"mobile":{"background-color":"var(--ast-global-color-4)","background-image":"","background-repeat":"repeat","background-position":"center center","background-size":"auto","background-attachment":"scroll","background-type":"","background-media":"","overlay-type":"","overlay-color":"","overlay-opacity":"","overlay-gradient":""}},"footnotes":""},"class_list":["post-63","page","type-page","status-publish","hentry"],"uagb_featured_image_src":{"full":false,"thumbnail":false,"medium":false,"medium_large":false,"large":false,"1536x1536":false,"2048x2048":false},"uagb_author_info":{"display_name":"admin3842","author_link":"https:\/\/www.holikos.com\/index.php\/author\/admin3842\/"},"uagb_comment_info":0,"uagb_excerpt":"06 77 59 47 91 Contactez-nous ! Holikos Communication5, Beg Ch\u00e2tel29340 Riec-sur-B\u00e9lonT\u00e9l. : 06 77 59 47 91contact@holikos.com Holikos Communication5, [&hellip;]","_links":{"self":[{"href":"https:\/\/www.holikos.com\/index.php\/wp-json\/wp\/v2\/pages\/63","targetHints":{"allow":["GET"]}}],"collection":[{"href":"https:\/\/www.holikos.com\/index.php\/wp-json\/wp\/v2\/pages"}],"about":[{"href":"https:\/\/www.holikos.com\/index.php\/wp-json\/wp\/v2\/types\/page"}],"author":[{"embeddable":true,"href":"https:\/\/www.holikos.com\/index.php\/wp-json\/wp\/v2\/users\/1"}],"replies":[{"embeddable":true,"href":"https:\/\/www.holikos.com\/index.php\/wp-json\/wp\/v2\/comments?post=63"}],"version-history":[{"count":14,"href":"https:\/\/www.holikos.com\/index.php\/wp-json\/wp\/v2\/pages\/63\/revisions"}],"predecessor-version":[{"id":1852,"href":"https:\/\/www.holikos.com\/index.php\/wp-json\/wp\/v2\/pages\/63\/revisions\/1852"}],"wp:attachment":[{"href":"https:\/\/www.holikos.com\/index.php\/wp-json\/wp\/v2\/media?parent=63"}],"curies":[{"name":"wp","href":"https:\/\/api.w.org\/{rel}","templated":true}]}}